
Suppose -2*s + 210268 + 1178 = 15*s. What is the ten thousands digit of s?
1
Suppose 4*a - 4*y = 192600, -4*y + 70166 = -5*a + 310914. What is the ten thousands digit of a?
4
What is the hundreds digit of (-484)/88*(-18962)/11?
4
Let o(u) = -418*u + 74. What is the thousands digit of o(-42)?
7
Let z be (1 - (-45)/27)/((-2)/(-204)). Let d = z - 123. What is the tens digit of d?
4
Let x = 289 - 154. Suppose 3*t + x = 6*t. What is the tens digit of t?
4
What is the tens digit of (64776/(-28) - 9)*112/(-24)?
3
Suppose 925 = 5*z + d - 91, -1020 = -5*z - 5*d. Let m = z + -176. What is the units digit of m?
7
Let p(x) = 2*x**2 - 4*x + 20. Let v(f) = -f**2 + 4*f - 20. Let o(w) = 6*p(w) + 7*v(w). What is the hundreds digit of o(8)?
3
Let m(j) = 45 - 489*j + 455*j + 195. What is the tens digit of m(6)?
3
Suppose 0 = -2*c + 4*t - 54, -3*t = -4 - 5. Let n = c - -24. Let p(h) = 28*h + 10. What is the tens digit of p(n)?
9
Let d(l) = 146*l**2 + 1190*l - 15533. What is the ten thousands digit of d(13)?
2
Let r = -3264 - -5482. What is the hundreds digit of r?
2
Let p be (4 + -3)/(1/4 - 0). Suppose 2*l - 206 - 10 = -4*m, -3*l - p*m = -332. What is the hundreds digit of l?
1
Let z = 48760 - 11907. What is the ten thousands digit of z?
3
Let z = 436 - 434. Suppose z*o - 620 = 5*w, -4*w = -3*o + 784 + 132. What is the tens digit of o?
0
Let j = 42212 - 26113. What is the hundreds digit of j?
0
Suppose 3*k - 2950 = 5*u, 0*k + 4*u = k - 995. Let b = 1472 - k. What is the tens digit of b?
9
Suppose 0 = -3*g - 222 + 1197. Let h = g + -27. What is the units digit of h?
8
Let n = -17 + 10. Let t(z) = -z**2 + 43*z + 1. Let f be t(43). What is the units digit of 123/f*n/(-21) - 4?
7
Let i be 0 + 1 + (-2 - -3). Let l be (-9 - (-6 + 4))*-11. Suppose b = -2*z - l + 267, 186 = i*z + 2*b. What is the tens digit of z?
9
Suppose 4*b - 3*a - 25 = 0, 2*b + a + 9 = 24. Suppose -b*c - c + 3096 = 0. What is the tens digit of c?
8
Let x(k) be the second derivative of 0 + 10/3*k**3 - 5/2*k**2 - 5*k. What is the units digit of x(4)?
5
Let b = 4842 + -2178. What is the tens digit of ((-2)/6)/(8 + (-21318)/b)?
4
Suppose 18 = 32*g - 26*g. Let w be ((-24)/9)/((-6)/27*g). Suppose 2*b - a = 406, -w*b = -b - 4*a - 619. What is the tens digit of b?
0
Let x(k) = -4*k + 34. Let g(q) = -q - 2 + q**3 + 1 + q**2 + 3 + 0*q**3. Let s be g(-2). What is the tens digit of x(s)?
3
Let k(t) = -19*t + 41. Let d(o) = -59*o + 123. Let i(h) = -4*d(h) + 11*k(h). What is the units digit of i(23)?
0
Suppose 0 = -6*y + 3*y - 4*q + 280, q = 2*y - 172. Suppose -n - r + 3*r = -y, -n + 85 = -3*r. What is the tens digit of n?
9
Let d(z) = -5 - 21*z**2 - 14*z + 4*z + z**3 + 0*z**3 + 27. What is the units digit of d(22)?
6
Suppose -3*d = f - 136481, -5*d + 227468 = -10151*f + 10153*f. What is the units digit of d?
4
Suppose 5*g - 12*v + 15*v = 111, 0 = 2*g + 2*v - 42. What is the units digit of g?
4
Suppose -4*d + 3782 = -2*o - 0*o, -3*d - 4*o = -2864. Let h = 1348 - d. What is the hundreds digit of h?
4
Let p = -217 - -217. Let f(u) = 3*u + 23. Let i be f(-7). Suppose -x - c + 142 = p, -4*x + 538 = -0*x - i*c. What is the hundreds digit of x?
1
Let n be 3/(-9) + 14/6 - -2. Suppose -n*x + 2*d = -0 - 12, d = -5*x + 15. Suppose -3*w - 123 = -3*i, x = w - 2*w. What is the units digit of i?
8
Suppose 47*w - 30212 = 70274. What is the hundreds digit of w?
1
Suppose -3*n + 7640 + 7407 = 4*q, 5*n - 3766 = -q. What is the units digit of q?
1
Suppose 4*x + 8 = 0, -x + 3823 - 16785 = -2*d. Suppose -v + 10*v = d. What is the hundreds digit of v?
7
Suppose -82*l + 276 = -79*l + q, 3*q = 5*l - 432. What is the tens digit of l?
9
Suppose 4*a = -3*t + 56942, -5*a = 2*t - 31426 - 6547. What is the hundreds digit of t?
9
Let c(l) = -260*l + 19. Let t be c(-7). Let g = t - 1227. What is the tens digit of g?
1
Let j be 42/8 + (-55)/(-20) + -3. Suppose -i - 384 = 2*z, -3*z + 4*z = -j*i - 1884. What is the units digit of (-4)/(-6) + i/(-12)?
2
Let k be -2556*(-5 - (-35)/21). Suppose -21*l = -l - k. What is the tens digit of l?
2
Suppose 5*n - 399 = -3*j + 2*j, -296 = -4*n + 5*j. Suppose n - 9 = 10*z. Suppose -637 + 133 = -z*g. What is the units digit of g?
2
Suppose 26*j = -6254 - 7006. Let r = 738 + j. What is the tens digit of r?
2
Let f(b) be the third derivative of -5*b**4/2 + b**3 - 48*b**2. Let s be f(-19). Suppose -o - 5*o = -s. What is the tens digit of o?
9
Let r = -684 - -429. Let d = r - -403. Suppose 3*u - 20 = -u, -4*u = 2*b - d. What is the tens digit of b?
6
Let s(j) = -127*j + 86. Let h be s(16). What is the units digit of h/(-4) - (-6)/12?
7
Suppose 3*w - 24209 = 11*g - 10*g, -2*g - 32282 = -4*w. What is the tens digit of w?
6
Suppose 0 = 5*y + 3*q - 1565, 0 = 4*y - 0*y + 2*q - 1250. Let j = y - 11. What is the hundreds digit of j?
2
Let z(p) = 27*p - 77. Let h(j) = -53*j + 156. Let o(t) = -3*h(t) - 7*z(t). What is the tens digit of o(-19)?
4
Let p be ((-48)/(-18))/((-1)/(-3)). Let k(a) = 9 + 27*a - 19 - p. What is the tens digit of k(5)?
1
Suppose -3*i - 37659 = -5*v, -5*i - 14188 = -2*v + 887. What is the tens digit of v?
3
Suppose -f + 0*f + 20 = 5*v, 4*v + 2 = f. Suppose f*z = 5*z + 335. What is the units digit of z?
7
Let r be 4/14 + 1382/14. Suppose 57 = 4*l - r. Suppose -4*p + 43 = l. What is the units digit of p?
1
Suppose 4*t + 8 = 8*t. Suppose c - 1151 = -t*c + 5*w, 0 = 5*c - 2*w - 1893. Suppose -5*o + 3*f = -c, -f - 4*f + 81 = o. What is the tens digit of o?
7
Let q = 21943 - 15304. What is the thousands digit of q?
6
Let n(o) be the third derivative of -o**6/24 - o**5/60 - o**4/24 + o**3/6 + 12*o**2. Let k be n(1). What is the units digit of ((-44)/(-33))/((-2)/k)?
4
Let y = 137 + -138. What is the units digit of 470*(-6 + 5)/y?
0
Suppose 4*z + 4*o - 36984 = 0, -4*z = 3*o - 8108 - 28871. What is the units digit of z?
1
Let m be (1313/(-52))/((-1)/4). Suppose -m = 7*i - 3. What is the units digit of (-1350)/i - 6/14?
6
Let s(i) = -i**3 + 12*i**2 - 17*i + 14. Let o be (5/(20/(-64)))/((-4)/6). Suppose -6*m + 3*m = -o. What is the hundreds digit of s(m)?
1
Let u(m) be the first derivative of m**3 + 6*m**2 + 25*m - 101. What is the units digit of u(-17)?
8
Let g be ((-2)/6)/(2/(-30)). What is the tens digit of 0*(g/(-10))/1 + 174?
7
What is the units digit of (-36)/(-126) - ((-3550704)/28)/4?
3
Let u(p) = -p**3 - 6*p**2 + 22*p + 107. Let l be u(-7). Let i be (0 + 1 - 11)*-19. Suppose l*r = i + 58. What is the hundreds digit of r?
1
Let t be ((-15)/(-2))/5*(94 + 0). Suppose -9 = -3*g, 5*g - t = -4*h + 3*h. What is the tens digit of (h/(-105))/(3*1/(-200))?
8
Suppose 4*f = 25 + 67. Suppose -j - f = -9*p + 4*p, -5*j + 2*p = 0. Suppose 1 = -j*k + q + 143, 4*q = 4*k - 284. What is the units digit of k?
1
Suppose -83*w + 5*y = -82*w - 7297, -4*w = -y - 29264. What is the tens digit of w?
1
Suppose -2*b = 2*i - 61484, 3*b + 808 = 820. What is the units digit of i?
8
Suppose -15*f + 1167 = 10557. What is the tens digit of (f - -4 - -5)*-2?
3
Suppose -5*c + 3*k + 254773 = 0, 358*k - 359*k = 3*c - 152875. What is the thousands digit of c?
0
Let s = 22 - 10. What is the hundreds digit of (-18)/s + 3990/4?
9
Suppose 2*z + 5*s = 25780, z + 11*s - 12935 = 16*s. What is the thousands digit of z?
2
Let m = -164 + 169. What is the hundreds digit of ((-80)/(-4))/m + 10*13?
1
Let i = -10163 + 21036. What is the units digit of i?
3
Let u = 154 - 219. Let s = 75 + u. What is the tens digit of ((-12)/14)/(s/(-1190))?
0
Suppose 6*c - 162 = 3*c. Let l be 15564/c - (-4)/(-18). Suppose 5*i - l = i + 2*t, 363 = 5*i - 4*t. What is the units digit of i?
1
What is the units digit of 440834/14 - 4220/(-1477)?
1
Let j(a) = -462*a - 2332. What is the hundreds digit of j(-110)?
4
Suppose 0 = -4*l + 252 + 76. Let p = l - 79. Suppose -3*v + v = 3*z - 348, p*z = -5*v + 348. What is the tens digit of z?
1
Suppose 471558 = 27*y - 1346052 + 114639. What is the thousands digit of y?
3
Suppose 1 = -2*q - 59. Suppose -217*j - 36 = -208*j. Let o = j - q. What is the units digit of o?
6
Suppose -144*r + 12 = -140*r, -g - 2*r + 2291 = 0. What is the hundreds digit of g?
2
Let b = 100 + -55. Let m = b - 43. Suppose m*f + f = 30. What is the tens digit of f?
1
Suppose 22*b = 24*b - 1216. Suppose b = 12*d - 1120. Suppose 7*v - d = -v. What is the tens digit 